{"id":43,"date":"2013-11-28T19:25:21","date_gmt":"2013-11-28T17:25:21","guid":{"rendered":"http:\/\/www.irahyyrynen.com\/?page_id=43"},"modified":"2025-01-21T15:13:34","modified_gmt":"2025-01-21T13:13:34","slug":"etusivu-2","status":"publish","type":"page","link":"https:\/\/www.aurinkola.fi\/","title":{"rendered":"Tervetuloa  AURINKOLAAN!"},"content":{"rendered":"<p style=\"text-align: left;\"><a href=\"http:\/\/www.irahyyrynen.com\/wp-content\/uploads\/2014\/01\/DSCN2451.jpg\"><img loading=\"lazy\" decoding=\"async\" class=\"alignright wp-image-132\" src=\"http:\/\/www.irahyyrynen.com\/wp-content\/uploads\/2014\/01\/DSCN2451-237x300.jpg\" alt=\"Ira Hyyrynen\" width=\"166\" height=\"210\" srcset=\"https:\/\/www.aurinkola.fi\/wp-content\/uploads\/2014\/01\/DSCN2451-237x300.jpg 237w, https:\/\/www.aurinkola.fi\/wp-content\/uploads\/2014\/01\/DSCN2451.jpg 380w\" sizes=\"auto, (max-width: 166px) 100vw, 166px\" \/><\/a><br \/>Hei, olen Ira, koulutettu hieroja ja diplomivy\u00f6hyketerapeutti Pihlajam\u00e4ess\u00e4 Helsingiss\u00e4. Tervetuloa Aurinkolan palvelujen pariin!\u00a0<\/p>\n<p style=\"text-align: left;\">Aurinkolasta saat monipuolisia hyvinvoinnin palveluja \u2013 sek\u00e4 yksitt\u00e4isin\u00e4 hoitokertoina ett\u00e4 pidempi\u00e4 hoitosarjoina. Aurinkolan hoitotarjontaan kuuluu hieronta, vy\u00f6hyketerapia ja stressinhallinnan ohjaus.<\/p>\n<p style=\"text-align: left;\">Hoitojeni perustana on klassinen hieronta ja kehonhuolto. R\u00e4\u00e4t\u00e4l\u00f6in hoidot aina asiakkaan tarpeisiin, ja siksi usein suosittelen hoitosarjaa parhaan lopputuloksen saavuttamiseksi. Hoitojen lis\u00e4ksi tarjoan my\u00f6s koulutuksia ja luentoja ryhmille ja yrityksille.<\/p>\n<p style=\"text-align: left;\">Olen tehnyt hoitoty\u00f6t\u00e4 vuodesta 1995. Ammatiltani olen koulutettu hieroja ja kuulun Valviran terveydenhuollon ammattihenkil\u00f6st\u00f6rekisteriin.\u00a0<\/p>\n<p style=\"text-align: left;\">Olen opiskellut Englannissa diplomivy\u00f6hyketerapeutiksi, lis\u00e4ksi olen opiskellut perinteist\u00e4 kiinalaista l\u00e4\u00e4ketiedett\u00e4, trigger- ja akupainantaa sek\u00e4 neuraalimanipulaatio- ja rentoutustekniikoita. Voit tutustua koulutustaustaani tarkemmin <a href=\"https:\/\/www.linkedin.com\/in\/ira-hyyrynen-6b55a779\/\">Linkediniss\u00e4<\/a>.<\/p>\n<p><a href=\"https:\/\/www.aurinkola.fi\/wp-content\/uploads\/2023\/04\/aurinkola_logo.png\"><img loading=\"lazy\" decoding=\"async\" class=\"wp-image-460 size-medium alignleft\" src=\"https:\/\/www.aurinkola.fi\/wp-content\/uploads\/2023\/04\/aurinkola_logo-211x300.png\" alt=\"\" width=\"211\" height=\"300\" \/><\/a>Otathan yhteytt\u00e4, jos sinulla on jotain kysytt\u00e4v\u00e4\u00e4.<\/p>\n<p>Muista pit\u00e4\u00e4 itsest\u00e4si ja l\u00e4heisist\u00e4si hyv\u00e4\u00e4 huolta!<\/p>\n<p>Aurinkoisin terveisin, Ira<\/p>\n\n\n<iframe loading=\"lazy\" src=\"https:\/\/www.facebook.com\/plugins\/page.php?href=https%3A%2F%2Fwww.facebook.com%2Faurinkola.fi%2F&#038;tabs=timeline&#038;width=340&#038;height=271&#038;small_header=true&#038;adapt_container_width=true&#038;hide_cover=false&#038;show_facepile=false&#038;appId=1599095606978564\" width=\"340\" height=\"271\" style=\"border:none;overflow:hidden\" scrolling=\"no\" frameborder=\"0\" allowfullscreen=\"true\" allow=\"autoplay; clipboard-write; encrypted-media; picture-in-picture; web-share\"><\/iframe>\n","protected":false},"excerpt":{"rendered":"<p>Hei, olen Ira, koulutettu hieroja ja diplomivy\u00f6hyketerapeutti Pihlajam\u00e4ess\u00e4 Helsingiss\u00e4. Tervetuloa Aurinkolan palvelujen pariin!\u00a0 Aurinkolasta saat monipuolisia hyvinvoinnin palveluja \u2013 sek\u00e4 yksitt\u00e4isin\u00e4 hoitokertoina ett\u00e4 pidempi\u00e4 hoitosarjoina. Aurinkolan hoitotarjontaan kuuluu hieronta, vy\u00f6hyketerapia ja stressinhallinnan ohjaus. Hoitojeni perustana on klassinen hieronta ja kehonhuolto. R\u00e4\u00e4t\u00e4l\u00f6in hoidot aina asiakkaan tarpeisiin, ja siksi usein suosittelen hoitosarjaa parhaan lopputuloksen saavuttamiseksi. Hoitojen lis\u00e4ksi &hellip; <\/p>\n<p class=\"link-more\"><a href=\"https:\/\/www.aurinkola.fi\/\" class=\"more-link\">Jatka lukemista<span class=\"screen-reader-text\"> &#8221;Tervetuloa  AURINKOLAAN!&#8221;<\/span><\/a><\/p>\n","protected":false},"author":1,"featured_media":0,"parent":0,"menu_order":1,"comment_status":"open","ping_status":"open","template":"","meta":{"footnotes":""},"class_list":["post-43","page","type-page","status-publish","hentry"],"_links":{"self":[{"href":"https:\/\/www.aurinkola.fi\/index.php?rest_route=\/wp\/v2\/pages\/43","targetHints":{"allow":["GET"]}}],"collection":[{"href":"https:\/\/www.aurinkola.fi\/index.php?rest_route=\/wp\/v2\/pages"}],"about":[{"href":"https:\/\/www.aurinkola.fi\/index.php?rest_route=\/wp\/v2\/types\/page"}],"author":[{"embeddable":true,"href":"https:\/\/www.aurinkola.fi\/index.php?rest_route=\/wp\/v2\/users\/1"}],"replies":[{"embeddable":true,"href":"https:\/\/www.aurinkola.fi\/index.php?rest_route=%2Fwp%2Fv2%2Fcomments&post=43"}],"version-history":[{"count":46,"href":"https:\/\/www.aurinkola.fi\/index.php?rest_route=\/wp\/v2\/pages\/43\/revisions"}],"predecessor-version":[{"id":524,"href":"https:\/\/www.aurinkola.fi\/index.php?rest_route=\/wp\/v2\/pages\/43\/revisions\/524"}],"wp:attachment":[{"href":"https:\/\/www.aurinkola.fi\/index.php?rest_route=%2Fwp%2Fv2%2Fmedia&parent=43"}],"curies":[{"name":"wp","href":"https:\/\/api.w.org\/{rel}","templated":true}]}}